{"id":2,"date":"2018-02-08T15:43:05","date_gmt":"2018-02-08T14:43:05","guid":{"rendered":"http:\/\/www.x-plor.de\/?page_id=2"},"modified":"2025-08-04T16:33:18","modified_gmt":"2025-08-04T14:33:18","slug":"beispiel-seite","status":"publish","type":"page","link":"https:\/\/www.x-plor.de\/","title":{"rendered":"X-PLOR\u00ae &#8211; Explore Innovation."},"content":{"rendered":"<p><img fetchpriority=\"high\" decoding=\"async\" width=\"800\" height=\"154\" src=\"https:\/\/www.x-plor.de\/wp-content\/uploads\/2024\/09\/xplor-logo.png\" alt=\"\" srcset=\"https:\/\/www.x-plor.de\/wp-content\/uploads\/2024\/09\/xplor-logo.png 946w, https:\/\/www.x-plor.de\/wp-content\/uploads\/2024\/09\/xplor-logo-300x58.png 300w, https:\/\/www.x-plor.de\/wp-content\/uploads\/2024\/09\/xplor-logo-768x148.png 768w\" sizes=\"(max-width: 800px) 100vw, 800px\" \/>\t\t\t\t\t\t\t\t\t\t\t\t\t<\/p>\n<h2>X-PLOR GmbH \u00b7 Lindenstr. 48-52 \u00b7 40233 D\u00fcsseldorf<\/h2>\n<p>Die X-PLOR GmbH ist die Eigent\u00fcmer- und Holding-Gesellschaft der b-tix GmbH und A-va GmbH. Dar\u00fcber hinaus betreibt sie Forschung im Bereich neuer Technologien mit dem Ziel, neue Gesch\u00e4ftsfelder zu identifizieren und zu etablieren.<\/p>\n","protected":false},"excerpt":{"rendered":"<p>X-PLOR GmbH \u00b7 Lindenstr. 48-52 \u00b7 40233 D\u00fcsseldorf Die X-PLOR GmbH ist die Eigent\u00fcmer- und Holding-Gesellschaft der b-tix GmbH und A-va GmbH. Dar\u00fcber hinaus betreibt sie Forschung im Bereich neuer Technologien mit dem Ziel, neue Gesch\u00e4ftsfelder zu identifizieren und zu etablieren.<\/p>\n","protected":false},"author":1,"featured_media":0,"parent":0,"menu_order":0,"comment_status":"closed","ping_status":"open","template":"elementor_canvas","meta":{"footnotes":""},"class_list":["post-2","page","type-page","status-publish","hentry"],"_links":{"self":[{"href":"https:\/\/www.x-plor.de\/index.php\/wp-json\/wp\/v2\/pages\/2","targetHints":{"allow":["GET"]}}],"collection":[{"href":"https:\/\/www.x-plor.de\/index.php\/wp-json\/wp\/v2\/pages"}],"about":[{"href":"https:\/\/www.x-plor.de\/index.php\/wp-json\/wp\/v2\/types\/page"}],"author":[{"embeddable":true,"href":"https:\/\/www.x-plor.de\/index.php\/wp-json\/wp\/v2\/users\/1"}],"replies":[{"embeddable":true,"href":"https:\/\/www.x-plor.de\/index.php\/wp-json\/wp\/v2\/comments?post=2"}],"version-history":[{"count":23,"href":"https:\/\/www.x-plor.de\/index.php\/wp-json\/wp\/v2\/pages\/2\/revisions"}],"predecessor-version":[{"id":887,"href":"https:\/\/www.x-plor.de\/index.php\/wp-json\/wp\/v2\/pages\/2\/revisions\/887"}],"wp:attachment":[{"href":"https:\/\/www.x-plor.de\/index.php\/wp-json\/wp\/v2\/media?parent=2"}],"curies":[{"name":"wp","href":"https:\/\/api.w.org\/{rel}","templated":true}]}}